 - 8. Calculate b(h).
-8
Let f(t) = 5*t + 3*t**2 + 496 - 494 - 2*t**2. Suppose 0 = l - 5*j + 3, 3*l - 3 = 4*l - 3*j. What is f(l)?
-4
Let a = 221 + -222. Let v(z) = 5*z**2 - 2*z - 1. Give v(a).
6
Suppose 0 = -5*k + 4*s + 28, -3*s - 11 - 3 = -2*k. Let t(c) be the first derivative of 4/3*c**3 - 5*c - 2 - 1/2*c**2 - 1/4*c**4. What is t(k)?
-9
Let q be 5*(((-2268)/15)/6 - -2). Let z = 116 + q. Let w(h) = -h - 3. Determine w(z).
-3
Let c be (-2)/(-3*3/(-9)) - 7. Let f(z) = -2*z**2 - 22*z - 15. What is f(c)?
21
Suppose -2*p = -4*p - 4. Let d(z) = -5 + 4 - 9*z + 10*z + 4*z + 3. Give d(p).
-8
Let u be (-1)/2 - 3/(-2). Let k(g) = 4*g + 0*g + u + 0. Suppose -v - 4*x - 13 = 0, 3*x + 3 = v - 5. Determine k(v).
-3
Suppose -5 = b - 8. Let u be (b - 18/4)*-2. Suppose 0 = q - 3*r - 2*r + 14, -5*q + u*r - 26 = 0. Let k(o) = -o**3 - 4*o**2 + 2*o + 2. Give k(q).
-6
Let f(a) = -8. Let l(s) = s - 23 + 16 - 2*s. Let n(h) = -5*f(h) + 6*l(h). What is n(-2)?
10
Let c = 6 - -18. Suppose 0 = -a - 7*a + 216. Suppose -a*q - 6 = -c*q. Let f(o) = -o**2 - 5*o - 3. What is f(q)?
3
Suppose 3*k - 5*s - 61 = k, 32 = k - 2*s. Let g(z) = -z**2 - 9*z + 2*z + k + z - 41. Suppose -1 + 16 = 3*x, 3*x - 20 = c. Determine g(c).
2
Let y(x) = x**2 - 6*x + 8. Let g be y(8). Let s = -23 + g. Let v(n) = 30*n + 0 - s - 31*n. What is v(1)?
-2
Let b(k) = k**3 - 6*k**2 + 6*k - 1. Let a = 23 + -18. Suppose -a*c - 4*i = -21, -2*i = -0*i + 2. Calculate b(c).
4
Let h(m) = -m**3 - 17*m**2 + 2*m - 27. Let d be h(-17). Let n = 68 + d. Let r(o) = -o**2 + 6*o + 1. Determine r(n).
-6
Let u(s) = s - 2. Let q(w) = 4*w - 7. Let v(y) = -4*q(y) + 11*u(y). What is v(-7)?
41
Let l(p) = -p**3 + 6*p**2 - 2. Let s = 11 + -20. Let i(x) = x**2 - 42*x - 46. Let j be i(43). Let y = j - s. Give l(y).
-2
Let v(t) = -t**3 - t**2 + 2. Let o be (-2)/(-9) - (-530)/45. Let l be 16/o*(-3)/2. Determine v(l).
6
Let o(h) = -9*h - 3. Let j = 100 - 99. Let c(s) = 2*s + 1. Let i(b) = j*o(b) + 5*c(b). What is i(-1)?
1
Let f(v) be the second derivative of 43*v**3/6 + v**2 + v + 254. What is f(-1)?
-41
Let c(n) = 0*n**2 - 13*n**2 - 23*n - 18*n + 32. Let h(r) = 5*r**2 + 14*r - 11. Let l(q) = 3*c(q) + 8*h(q). Give l(9).
-10
Suppose g - 5 = 5. Let k = g - 5. Let q(a) = 4*a**2 + 4*a**2 + 1 + a**3 + 2 - 3*a**2 + k*a. Give q(-3).
6
Let n(l) be the second derivative of l**8/6720 + l**7/2520 - l**6/240 + l**5/60 + 11*l**4/6 + 42*l. Let u(c) be the third derivative of n(c). Determine u(-3).
-7
Suppose 0*o = -o + 4*v + 23, -4*o + 22 = -2*v. Let j be 0/6 + (1 - -8). Let w(b) = o*b + 0*b - j*b + b + b**2 - 2. What is w(5)?
-2
Suppose 0 = 2*m + 2, -5*c - 37 = 5*m + 8. Let o(g) = 3*g + 11. Determine o(c).
-13
Let z(q) = -q**2 - 5*q - 2. Let h = 197 + -200. What is z(h)?
4
Let p(b) = -b**3 + 10*b**2 - 7*b - 12. Let o be p(9). Let y(g) = 2*g**2 - 17*g - 4. Let h(a) = a**2 - 8*a - 2. Let j(u) = 9*h(u) - 4*y(u). What is j(o)?
10
Let o = -416 - -419. Let x(a) = a**2 - 2*a - 1. Calculate x(o).
2
Let m = -153 - -156. Let d(s) be the first derivative of s**2 - 3*s - 5. Determine d(m).
3
Let x(g) = -1 - 9*g**2 - 4 - g + 6. Suppose l - 2*r - 7 - 18 = 0, -93 = -4*l + r. Let v = l + -22. Give x(v).
-9
Suppose c + 3*g = -31, 0*c - 4*c + 3*g - 109 = 0. Let r = c + 32. Let w(z) = z - 9. Calculate w(r).
-5
Let x = 40 + -38. Let w(f) = -11*f**3 + 24*f**3 + 2*f**x + f - 4 - 12*f**3. Give w(-3).
-16
Let a(m) = -2*m + 2. Let t(n) = 4 + 82*n - 77*n - 5 - 4. Let k(d) = 7*a(d) + 3*t(d). What is k(4)?
3
Let m(q) = q**3 - 1. Suppose 9 = -3*c, 4*c + 4 + 8 = 2*w. Determine m(w).
-1
Suppose 13*u + 14 - 66 = 0. Suppose u = -0*p + p. Let a(l) = -l + 1. Give a(p).
-3
Let n(l) = -l**2 + 9*l - 3. Let d(z) = -z - 8. Let q be d(-9). Let s be 0 + 5 + (-2)/q. Suppose 10 = s*i - 5. What is n(i)?
17
Let s(o) = o + 5. Let v be s(-6). Let g be -12 - -10 - 2*v. Let k(x) = 3*x + g - 3 - 4 + 2. What is k(4)?
7
Let p(w) = 5. Let i(k) = k**3 - k + 2. Let l be i(-2). Let s(d) = d + 4. Let t(f) = l*s(f) + 3*p(f). Let j(x) = 2*x - 8. Let z be j(5). What is t(z)?
-9
Let g(p) = -12*p - 5. Let h(z) = -14*z - 6. Let c(k) = -3*g(k) + 2*h(k). Calculate c(5).
43
Let n be ((-20)/(-15))/(6/9). Suppose n*z - z + 4 = 0. Let x(b) = -b**3 - 3*b**2 + 4*b + 4. Give x(z).
4
Let w(c) = -c**3 - c + 7. Let t(g) = 2*g**3 - 2*g**2 + g - 1. Let j = -19 + 20. Let x be t(j). Calculate w(x).
7
Let k(a) be the second derivative of 0*a**2 - 16*a + 0 - 1/6*a**3. Give k(-3).
3
Let b(m) = -2*m + 26. Let t be b(8). Let p(h) = -h**2 + 13*h + 3. What is p(t)?
33
Let t(q) = -11*q**2 - 1. Let v(a) = 9*a**2 + 1. Let h(o) = -5*t(o) - 6*v(o). Calculate h(0).
-1
Let z = -88 + 90. Suppose -5*i - 2 = l, -z*l + 1 = -4*i - 9. Let q(a) = 14*a**2 + 2*a + 3. Let u(v) = -v**2 - v - 1. Let c(p) = q(p) + 3*u(p). Determine c(i).
12
Let d(w) = -3*w**3 + 4*w**2 + 6*w - 3. Let g(x) = x**3 - x**2 - 2*x + 1. Let n be (-1)/(5/165*-3). Let t(m) = n*g(m) + 4*d(m). Give t(5).
9
Let w(t) = -3*t + 29. Let u be (-6)/(-24) - 175/(-20). What is w(u)?
2
Let t(j) = 3*j**2 - 19*j + 15. Let n(g) = -g**2 + 6*g - 5. Let s(i) = 8*n(i) + 3*t(i). Give s(8).
-3
Let r(p) = -p**2 - 3*p + 57. Let c = -1455 - -1446. What is r(c)?
3
Let b(o) = -11*o**2 - 12*o + 3. Let k(h) = -14*h**2 - 13*h + 1. Let q(f) = -5*b(f) + 4*k(f). Determine q(7).
-4
Let b(z) = -2*z**2 - 7*z - 6. Let q be 20*2*(-3)/(-6). Suppose -16*g = -18*g + 8. Suppose n - q = 5*k + 5*n, -g*k = -3*n + 16. Calculate b(k).
-10
Suppose 5*q - t + 11 = 0, -8 - 4 = 4*q - 4*t. Let h(k) = 1 + 2*k**2 - k**3 + 3*k + k + 2. Calculate h(q).
11
Let z(s) = -2*s**2 - 6*s - 7. Let l(t) = 6*t**2 + 17*t + 20. Let x(y) = -4*l(y) - 11*z(y). Give x(-2).
-7
Let n be -33*3/(18/(-4)). Let m = 20 - n. Let s(w) = -w + 1. Let a(q) = -2*q + 1. Let o(z) = m*a(z) + 3*s(z). Determine o(2).
3
Let v(l) = -l**3 + l**2 + 2. Suppose 0 = -2*b + 2*m + 8 - 0, 2*m + 12 = 4*b. Suppose -3*a + 21 = 5*d - b*d, 5*a + 3*d = 27. Let c = -1 + a. What is v(c)?
-2
Let s(x) = -x**3 + x**2 + x - 1. Suppose 0*f = -8*f. What is s(f)?
-1
Let d be -4 + (0 - (-7 + -2)). Let g(o) = -2*o**2 + 14*o - 15. Calculate g(d).
5
Let s = -184 - -195. Let u(i) = -i**2 + 13*i - 9. Determine u(s).
13
Let w(v) be the first derivative of -v**4/4 - 7*v**3/3 + 4*v**2 - 8*v - 238. Calculate w(-8).
-8
Let n(f) = -f**3 + 5*f - 2. Let o(b) = -6*b**3 - 13*b**2 + 37*b - 32. Let k(s) = -5*n(s) + o(s). Give k(-14).
6
Let i(b) = b - 5. Let n(m) be the first derivative of -m**4/8 - m**3/6 + 5*m**2/2 + 1. Let f(g) be the second derivative of n(g). Let h be f(1). What is i(h)?
-9
Let p(o) be the third derivative of -o**5/60 + 7*o**4/24 + 11*o**3/6 + 72*o**2 + 3. Let h be (0 - 2)/((-4)/18). Determine p(h).
-7
Suppose 0 = 25*m - 0 - 25. Let r(b) be the third derivative of -b**5/60 + b**4/12 - b**3/6 - b**2. Calculate r(m).
0
Let h = -48 + 45. Let q(j) = j**3 + j**2 + j + 1. Let w(z) = -7*z**3 - 9*z**2 - 9*z - 2. Let x(r) = -6*q(r) - w(r). Calculate x(h).
-13
Let o = -5 + 10. Suppose -12 = -2*r - 2*x, -o*x + 25 = 5*r - x. Let p(q) = -r - 33*q + q**2 + 3 + 37*q. Give p(-5).
7
Let z(d) be the first derivative of d**4/4 + 5*d**3/3 + d**2/2 + 2*d - 206. Give z(-5).
-3
Let g(t) be the second derivative of -t**3/6 - 11*t**2/2 + 18*t. Calculate g(-9).
-2
Suppose 3*u - 35 - 6 = 2*s, 4*u = -s + 7. Let y = s + 12. Let g(c) be the first derivative of 7*c**4/4 - 2*c**3/3 - c**2/2 - 4. Determine g(y).
-8
Suppose 5*k - 9 = 11, 0 = m - k + 1. Let o be 12/(-7) + (m - (-46)/(-14)). Let b(d) = -2*d + 1. Determine b(o).
5
Let o(z) be the first derivative of z**2 - 2*z + 132. What is o(8)?
14
Let s(y) = 2*y - 12. Let j be s(3). Let l(v) = -v - 7. Calculate l(j).
-1
Let v(z) = -5*z**2 - z. Let t(k) = 58 - 2*k - 40 - 35. Let g be t(-9). Give v(g).
-6
Suppose 4*u + 3*a = -6, 6*u - 9*u + 2 = -a. Let h(t) be the second derivative of -5/2*t**2 + u + 1/6*t**3 - 3*t. Give h(4).
-1
Suppose 3*b = -4*k - b + 4, 0 = 2*k + 4*b - 2. Let l(s) = 17*s**3 - 2*s**2 + 1. What is l(k)?
16
Let r(l) = l**2 + 8*l + 2. Let z(o) = -o**2 + 16*o - 44. Let f be z(11). Suppose -5 = f*g + 72. What is r(g)?
-5
Let g(x) = 2*x - 13. Let t(j) = -3*j + 12. Let v(k) = 4*g(k) + 3*t(k). Give v(0).
-16
Let t(f) = -2*f - 1. Let j(p) = p - 2. Let u be j(8). Suppose k - 2*v = u + 3, 0 = -3*k + 2*v + 23. Give t(k).
-15
Let q(u) be the first derivative of u**2/